**2 - 5*q + 1. Suppose 3*n + 2*n = -25. Let p(s) = n*i(s) - y(s). What is p(-1)?
12
Let g(r) = 2*r**2 - 25*r + 65. Let o be g(13). Let l(u) = -154*u + 77*u + o*u. Let q = -17 - -12. Calculate l(q).
-5
Let b(p) = -5*p**2 - 8*p + 14. Let l(o) = -o**2 + 1. Let q(j) = b(j) - 6*l(j). Let z be 27/(-15)*-4*(-2 - 8). Let g be (z/42)/(4/(-14)). Calculate q(g).
-4
Let i(r) be the second derivative of -r**5/20 - 3*r**4/4 - 3*r**2/2 - 2694*r. Let n(z) = -7*z - 2. Let k be n(1). Give i(k).
-3
Let p(c) = -12*c**2. Suppose -2*r + 1 = 5*t - 3*r, t = 4*r + 4. Suppose t*g - 2*n = -3*g + 11, 21 = 5*g - 2*n. Suppose 0 = g*b + 17 - 12. What is p(b)?
-12
Suppose 4*r + 85 = 5*t, -85*r + 82*r - 75 = -5*t. Let h(o) be the first derivative of o**3/3 - 11*o**2/2 + 5*o - 1. Determine h(t).
-13
Suppose -22*k + 30 + 58 = 0. Suppose 59 = k*f + 75. Let w(n) = -n**3 - 3*n**2 + n - 6. Calculate w(f).
6
Let a(r) be the third derivative of -86*r**2 - 1/3*r**3 + 1/6*r**4 + 2*r + 0 + 1/120*r**6 + 1/10*r**5. What is a(-5)?
3
Let w = -1284 - -1281. Let x(q) = 6*q**3 + 4*q - 6. Let t(o) = -7*o**3 + o**2 - 4*o + 7. Let b(s) = -5*t(s) - 6*x(s). Calculate b(w).
-5
Let m(o) be the second derivative of o**5/20 - 2*o**4/3 - o**3/3 + o**2 - 1058*o. Determine m(8).
-14
Let k(b) = -b**3 - 2*b**2. Let s(a) = -12*a**3 - 2*a**2 + a - 1. Let y(w) = -2*k(w) + s(w). Determine y(-1).
10
Let s(n) = 156 - 100 - 352*n + 382*n - 2*n**2 + 3*n**2. What is s(-25)?
-69
Let y(t) = t**2 - 7*t + 21. Suppose -n - 20 = -4*v, 45*v + 26 = 5*n + 46*v. Calculate y(n).
9
Let s(q) = q**2 + 1. Let u(b) = -b**3 + 2*b**2 + 3*b + 5. Let v(j) = 4*s(j) - u(j). Suppose 61*m + 132 = -112. Give v(m).
-21
Let k(x) = 38*x - 8*x - 3*x - x**3 - 12*x**2 - 15*x + 0 - 5. Calculate k(-13).
8
Let k = -90 + 87. Let h(x) = 2*x**2 + 7*x + 13. Let l be h(k). Let p(t) = -t - l - 14 - t + 25. Calculate p(5).
-9
Let j(m) be the second derivative of -m**4/4 - 10*m**3 + 13*m**2 - 245*m + 27. Calculate j(-21).
-37
Let a(i) = -i + 25*i**2 - 2 + 3 + 25*i**2 - 49*i**2. Let m(t) = 6*t**2 + t. Let u be m(-1). Suppose -u*w + 10 = -3*o, 3*o + 0*w + 8 = 4*w. Determine a(o).
1
Let l(d) = 2064*d - 155. Let r(k) = 427*k - 31. Let s(g) = 6*l(g) - 29*r(g). Give s(18).
-13
Let d(k) = -31*k + 77. Let j(b) = -20*b + 53. Let z(m) = -5*d(m) + 8*j(m). Determine z(9).
-6
Let l be ((-20)/(-24) + 5/60*-4)*-12. Let m(u) = -u**3 - 5*u**2 - 38. Give m(l).
-2
Let i(n) be the third derivative of -5*n**4/12 + 485*n**3/6 - 7507*n**2. What is i(48)?
5
Let v be (-33 + 34)/(2/(-6)) - -37. Let y(s) = -v + 96 - 33 - s - 29. Give y(-11).
11
Let k(x) = -30*x**3 - x**2 - 3*x - 2. Let y be k(-1). Let r be (-7)/((-364)/(-8)) + y/26. Let j(p) = 11*p**3 - p**2 + 1. Calculate j(r).
11
Let r(s) = -2*s**3 + 41*s**2 - 13*s - 144. Let v be r(20). Let o(g) = g**2 + 15*g + 59. Give o(v).
15
Let h = 5 + -3. Let b be (2/(-4))/((-1)/h). Let f(j) be the second derivative of -7*j**4/6 + j**3/3 - j**2/2 + 36*j + 28. Calculate f(b).
-13
Let p be 80/38 + (-6)/57. Let a(v) = -v**2 - 2 + p*v + v + v. Suppose 5*g = 4*g + 5. Calculate a(g).
-7
Suppose 0 = 733*g - 732*g + 18. Let d(f) = 11*f + 198. Calculate d(g).
0
Let w(o) = -o**3 + 6*o - 6. Let s be 0/9 + 8/(40/(-25)). Calculate w(s).
89
Let i(p) = -p**3 - 6*p**2 - 4*p + 3. Suppose -2*z = 2*z - 208. Suppose 3*c - a + 169 = 0, -6*a + 223 = -4*c - 7*a. Let r = z + c. Calculate i(r).
-13
Let a(n) = -n**3 + 3*n**2 - 2*n - 1. Let z(w) = -w**3 - 27*w**2 - 73*w - 22. Let r be z(-24). Suppose k = 3*b - 4 - r, 15 = 2*b + 3*k. Give a(b).
-7
Let q = -273 - -270. Let z(p) = -p**2 - 7*p + 5*p + 1 + 0. Calculate z(q).
-2
Let p(r) be the second derivative of -r**5/20 - 11*r**4/12 - 13*r**3/6 - 33*r**2/2 + 3665*r. Calculate p(-10).
-3
Let l(v) be the second derivative of -v**3/6 + v**2 - 2*v. Let n(f) = f**3 - 14*f**2 + 15*f - 6. Let t be n(13). Let c be (23 - t)/(2/(-2)). Give l(c).
5
Suppose 36 = 2*x + 2*s, 0 = 5*x - 3*x - 3*s - 36. Let f(d) = -4*d + 74. Calculate f(x).
2
Let l = 27501 + -27501. Let d(y) = -5*y**2 + 3*y + 7. Calculate d(l).
7
Let p(n) = 3 + 11 - n - n**3 + 4. Suppose -33*r = 3*u - 38*r - 15, 0 = 4*u + 5*r + 15. Give p(u).
18
Let o(d) = 6*d + 2. Let y(m) = -7*m - 3. Let l(i) = 6*o(i) + 5*y(i). Let c(x) = -134 + x**2 + 105 + 4*x - x + x + 4*x. Let t be c(-11). Calculate l(t).
1
Let n(u) = u**2 + u - 22. Let o(t) = -63*t + 445. Let g be o(7). Determine n(g).
-2
Let t(k) = k**3 + 42*k**2 + 183*k - 69. Let v be t(-37). Let q(n) = n - 11. Give q(v).
-6
Let z(w) = -44*w**2 - 50*w + 17. Let l(f) = -27*f**2 - 25*f + 8. Let h(o) = 5*l(o) - 3*z(o). What is h(8)?
-3
Let x(k) = 620*k**2 - 10 - 2*k - 313*k**2 - 5*k - 308*k**2. Determine x(-9).
-28
Let p be (-3321)/(-405) - 18/15. Let j(t) be the second derivative of -t**5/20 + 2*t**4/3 - 2*t**3/3 - 9*t**2/2 + 22*t. What is j(p)?
12
Let j(t) = 11 - 2*t + t**3 + t + 1200*t**2 - 2*t - 1194*t**2. Give j(-6).
29
Let k(a) = -2*a**2 + 21*a + 15. Let b be k(11). Let u(s) = 3*s + b + 6*s - 5 + 11 - 4*s. Determine u(-5).
-15
Suppose -127 = -8*b - 79. Let y(x) = x**2 - b + 5 - 2*x**2 - 6*x. Determine y(-5).
4
Suppose -162*l + 16 = -160*l. Let j(k) = 15*k - 77. Calculate j(l).
43
Let w(z) = 4*z**2 + 25*z + 5. Let f(c) = c**2 - 60*c - 331. Let m be f(-5). Give w(m).
-1
Let c(p) = 2*p**2 - 22*p + 4. Let v = -819 - -830. Determine c(v).
4
Let r be -4 + 5 - 77/11. Let p(s) = 2*s**3 + 13*s**2 - 1. What is p(r)?
35
Let w(l) be the second derivative of l**4/24 - 11*l**3/6 + 22*l**2 - 3*l. Let h(p) be the first derivative of w(p). Give h(10).
-1
Let m(l) = -l**3 + 16*l + 5. Let v be 43/(9030/(-300))*28/10. Give m(v).
5
Let n(h) = h**2 + 20*h + 40. Suppose 0 = 2*j + 5*t + 47 - 63, -20 = 2*j - 4*t. Determine n(j).
4
Let c(r) be the third derivative of 5/2*r**3 + 19*r**2 - 1/360*r**6 + 0 + 7/120*r**5 - 1/3*r**4 + 0*r. Let i(n) be the first derivative of c(n). Give i(6).
-2
Let n(p) = -p**2 + 8*p - 9. Let x(u) = 2*u + 33. Suppose -16 = -4*i, -5 = 5*y - 5*i - 60. Let w be (10/y)/((-1)/39*2). Let q be x(w). Calculate n(q).
-2
Let o(z) = 13*z - 215 + 438 - 234 - z**2. Calculate o(11).
11
Let n be -15*(-1 - 8/(-12)). Let g(f) = 1048*f + 5 + 1050*f - 4210*f + 1051*f + 1059*f. Calculate g(n).
-5
Let t(i) = -2*i - 14. Suppose 0 = -52*o + 31*o. Calculate t(o).
-14
Let p(z) be the third derivative of z**5/30 - 15*z**4/8 + z**3/3 + 2*z**2 + 2*z - 406. Calculate p(21).
-61
Let f(w) = -w - 7. Let t(y) = 2*y**2 + y + 9. Let b be t(4). Suppose -43*v - 18 = -b*v. Suppose -v*d + 4*d = 15. Determine f(d).
-4
Suppose 2*h - 338 - 1038 = 3*t, -2752 = -4*h + t. Let p = 689 - h. Let r(y) = -25*y**2 - y + 2. Calculate r(p).
-24
Let j(k) = -7*k - 27. Let m(u) = u**3 + 24*u**2 + 32*u - 274. Let y be m(-22). Calculate j(y).
43
Suppose -55 + 19 = -9*t. Let a(s) = -14*s - 2 - 5*s + 4*s + 13*s + s. What is a(t)?
-6
Let r(u) = u**2 + 8. Let p be 9/6 - (-42)/(-28). Give r(p).
8
Suppose 5614 - 598 = 209*q. Let y(b) = -b**2 + 22*b - 17. Calculate y(q).
-65
Let d(s) = -3*s**3 + 10*s**2 - 16*s + 12. Let y(v) = -v**3 - v + 1. Let t(c) = -d(c) + 2*y(c). Calculate t(9).
35
Let q(b) = 3*b + 3. Suppose 22*i = 25*i - 249. Suppose r + i = 86. Determine q(r).
12
Suppose 5*m = -4*y - 1, -3*m = 5*y - 5*m - 7. Let o(k) be the first derivative of 24 - y - 3*k**2 - 2. What is o(-2)?
12
Let t(b) = -2*b**2 + 1. Let g(d) = d**2 + d - 3. Let n(v) = g(v) + 2*t(v). Let z(i) = -2*i**2 - 7*i + 4. Let s(j) = -5*n(j) - z(j). What is s(-1)?
16
Let y(b) = -39 + 14 + 24*b**2 - 9*b**2 + 20 + 5*b + b**3 + 7*b. Calculate y(-14).
23
Let o(p) = 11*p**2 + 6*p - 3. Let d = -1358 - -1360. Calculate o(d).
53
Let u(t) = -3*t**2 + 8*t. Suppose -3*h + 6 = -3*p, p - 92 = -11*h - 34. Determine u(p).
-3
Let i(g) be the third derivative of -g**6/24 + g**5/15 + g**4/8 - 5*g**3/6 - 9010*g**2. What is i(-2)?
45
Suppose n = 6*n - 10. Let j(b) = -b - 12 + 6 - 17 - n. Let a be j(-23). Let z(q) = q + 3. Determine z(a).
1
Let d(o) = -124*o**2 - 167*o - 23. Let i(y) = -57*y**2 - 77*y - 11. Let w(a) = -6*d(a) + 13*i(a). Determine w(-5).
65
Suppose 3*o + k + 27 = 0, 6 = 129*k - 130*k. Let w(h) = -h**3 - 8*h**2 - h + 9. Determine w(o).
-33
Let g(t) = t. Let m be g(2). Let s be -216*(-14 + 7)/14. Let j(x) = -x**m - s*x - 5 + 117*x - 3. Determine j(6).
10
Let k(n) = 13*n**3 + 91*n**2 - 109*n + 96. Let a(w) = 10*w**3 + 68